{"id":597,"date":"2012-09-28T13:24:06","date_gmt":"2012-09-28T13:24:06","guid":{"rendered":"http:\/\/localhost\/dlr\/?page_id=597"},"modified":"2025-04-21T09:26:27","modified_gmt":"2025-04-21T09:26:27","slug":"tennis","status":"publish","type":"page","link":"https:\/\/www.sg-dlr-op.de\/?page_id=597","title":{"rendered":"Tennis"},"content":{"rendered":"<p>Du liebst Tennis, arbeitest am DLR-OP Standort oder in der N\u00e4he (ASTO Park, Air Tech Campus OP, Gewerbegebiet Argelsrieder Feld\/Technologiepark OP) und willst deinen Lieblingssport neben deinem Beruf aus\u00fcben, dann bist Du hier richtig!<\/p>\n<p>Die SG DLR OP bietet dir die M\u00f6glichkeit auf f\u00fcnf sch\u00f6nen Sandpl\u00e4tzen in der benachbarten Tennisanlage des SC We\u00dfling (Prinz-Alfons-Weg 2, 82234 We\u00dfling, 6 Minuten mit dem Auto von DLR entfernt) Tennis zu spielen. Die Saison l\u00e4uft von April bis Ende Oktober.<\/p>\n<p>Die Sektion Tennis hat derzeit ca. 60 Mitglieder und verschiedene Mannschaften zusammen mit dem SC We\u00dfling, die an der Medenrunde des BTV teilnehmen.<\/p>\n<p>Haben wir dein Interesse geweckt? Du kannst ganz schnell und unkompliziert Mitglied in unserem Verein werden und deinem Lieblingssport nachgehen. Bei Fragen und Anregungen wende dich bitte an der Sektionsleiter Tennis, <a href=\"mailto: tennis@sg-dlr-op.de\"><strong>Jos\u00e9-Luis Bueso<\/strong><\/a><\/p>\n","protected":false},"excerpt":{"rendered":"<p>Du liebst Tennis, arbeitest am DLR-OP Standort oder in der N\u00e4he (ASTO Park, Air Tech Campus OP, Gewerbegebiet Argelsrieder Feld\/Technologiepark OP) und willst deinen Lieblingssport neben deinem Beruf aus\u00fcben, dann bist Du hier richtig! Die SG DLR OP bietet dir die M\u00f6glichkeit auf f\u00fcnf sch\u00f6nen Sandpl\u00e4tzen in der benachbarten Tennisanlage des SC We\u00dfling (Prinz-Alfons-Weg 2, [&hellip;]<\/p>\n","protected":false},"author":1,"featured_media":0,"parent":33,"menu_order":0,"comment_status":"closed","ping_status":"closed","template":"","meta":{"footnotes":""},"_links":{"self":[{"href":"https:\/\/www.sg-dlr-op.de\/index.php?rest_route=\/wp\/v2\/pages\/597"}],"collection":[{"href":"https:\/\/www.sg-dlr-op.de\/index.php?rest_route=\/wp\/v2\/pages"}],"about":[{"href":"https:\/\/www.sg-dlr-op.de\/index.php?rest_route=\/wp\/v2\/types\/page"}],"author":[{"embeddable":true,"href":"https:\/\/www.sg-dlr-op.de\/index.php?rest_route=\/wp\/v2\/users\/1"}],"replies":[{"embeddable":true,"href":"https:\/\/www.sg-dlr-op.de\/index.php?rest_route=%2Fwp%2Fv2%2Fcomments&post=597"}],"version-history":[{"count":12,"href":"https:\/\/www.sg-dlr-op.de\/index.php?rest_route=\/wp\/v2\/pages\/597\/revisions"}],"predecessor-version":[{"id":1025,"href":"https:\/\/www.sg-dlr-op.de\/index.php?rest_route=\/wp\/v2\/pages\/597\/revisions\/1025"}],"up":[{"embeddable":true,"href":"https:\/\/www.sg-dlr-op.de\/index.php?rest_route=\/wp\/v2\/pages\/33"}],"wp:attachment":[{"href":"https:\/\/www.sg-dlr-op.de\/index.php?rest_route=%2Fwp%2Fv2%2Fmedia&parent=597"}],"curies":[{"name":"wp","href":"https:\/\/api.w.org\/{rel}","templated":true}]}}