{"id":599,"date":"2023-08-18T12:06:44","date_gmt":"2023-08-18T12:06:44","guid":{"rendered":"http:\/\/localhost\/dlr\/?page_id=599"},"modified":"2025-04-21T09:21:39","modified_gmt":"2025-04-21T09:21:39","slug":"fusball","status":"publish","type":"page","link":"https:\/\/www.sg-dlr-op.de\/?page_id=599","title":{"rendered":"Fu\u00dfball"},"content":{"rendered":"<p>In der Sektion Fu\u00dfball kommen Menschen zusammen, die gemeinsam der Leidenschaft Fu\u00dfball nachgehen und mit Spa\u00df Sport treiben. Genauso wichtig wie die Gesundheit ist die Rolle des Mannschaftssports im Bereich der Pflege und F\u00f6rderung des Gemeinschaftsgedankens und des sozialen Miteinanders. Hier kommen Menschen jeder Nationalit\u00e4t zusammen.<\/p>\n<p>Gespielt wird im Sommer auf dem Rasenplatz im DLR Gel\u00e4nde neben dem Flugzeughangar (hinter der Kantine) jeden Diens\u00adtag ab 17:30 Uhr. In den Wintermonaten wird ab 17 Uhr in einer Halle in der N\u00e4he gespielt.<\/p>\n<p>Bei Fragen und Anregungen kannst Du dich gerne an die Sektionsleitung Fu\u00dfball, <a href=\"mailto: fussball@sg-dlr-op.de\"><strong>Joao Turchetti und Sergio Serafin-Garcia<\/strong><\/a>, wenden.<\/p>\n<p><a href=\"http:\/\/www.sg-dlr-op.de\/?page_id=846\">Links zu Fotos<\/a><\/p>\n<p><a href=\"http:\/\/www.sg-dlr-op.de\/?page_id=854\" target=\"_blank\" rel=\"noopener\">Bildergalarie DLR CUP 2015<\/a><\/p>\n","protected":false},"excerpt":{"rendered":"<p>In der Sektion Fu\u00dfball kommen Menschen zusammen, die gemeinsam der Leidenschaft Fu\u00dfball nachgehen und mit Spa\u00df Sport treiben. Genauso wichtig wie die Gesundheit ist die Rolle des Mannschaftssports im Bereich der Pflege und F\u00f6rderung des Gemeinschaftsgedankens und des sozialen Miteinanders. Hier kommen Menschen jeder Nationalit\u00e4t zusammen. Gespielt wird im Sommer auf dem Rasenplatz im DLR [&hellip;]<\/p>\n","protected":false},"author":11,"featured_media":0,"parent":33,"menu_order":0,"comment_status":"closed","ping_status":"closed","template":"","meta":{"footnotes":""},"_links":{"self":[{"href":"https:\/\/www.sg-dlr-op.de\/index.php?rest_route=\/wp\/v2\/pages\/599"}],"collection":[{"href":"https:\/\/www.sg-dlr-op.de\/index.php?rest_route=\/wp\/v2\/pages"}],"about":[{"href":"https:\/\/www.sg-dlr-op.de\/index.php?rest_route=\/wp\/v2\/types\/page"}],"author":[{"embeddable":true,"href":"https:\/\/www.sg-dlr-op.de\/index.php?rest_route=\/wp\/v2\/users\/11"}],"replies":[{"embeddable":true,"href":"https:\/\/www.sg-dlr-op.de\/index.php?rest_route=%2Fwp%2Fv2%2Fcomments&post=599"}],"version-history":[{"count":17,"href":"https:\/\/www.sg-dlr-op.de\/index.php?rest_route=\/wp\/v2\/pages\/599\/revisions"}],"predecessor-version":[{"id":1020,"href":"https:\/\/www.sg-dlr-op.de\/index.php?rest_route=\/wp\/v2\/pages\/599\/revisions\/1020"}],"up":[{"embeddable":true,"href":"https:\/\/www.sg-dlr-op.de\/index.php?rest_route=\/wp\/v2\/pages\/33"}],"wp:attachment":[{"href":"https:\/\/www.sg-dlr-op.de\/index.php?rest_route=%2Fwp%2Fv2%2Fmedia&parent=599"}],"curies":[{"name":"wp","href":"https:\/\/api.w.org\/{rel}","templated":true}]}}