{"id":601,"date":"2012-09-28T13:24:37","date_gmt":"2012-09-28T13:24:37","guid":{"rendered":"http:\/\/localhost\/dlr\/?page_id=601"},"modified":"2024-06-12T08:29:51","modified_gmt":"2024-06-12T08:29:51","slug":"sportschiesen","status":"publish","type":"page","link":"https:\/\/www.sg-dlr-op.de\/?page_id=601","title":{"rendered":"Sportschie\u00dfen"},"content":{"rendered":"<p>Die Sektion Schie\u00dfen wurde 1973 gegr\u00fcndet. Die Sektion ist Mitglied des Bayrischen Sportsch\u00fctzen Bundes e.V., dem gr\u00f6\u00dften Landesverband des Deutschen Sch\u00fctzen Bundes e.V.<\/p>\n<p>Die regelm\u00e4\u00dfige Aus\u00fcbung des Schie\u00dfsports findet jeden Mittwoch ab 19:30 Uhr auf dem Schie\u00dfstand des Gastvereins in Oberpfaffenhofen statt. Geschossen wird \u00fcberwiegend mit Luftpistole auf 10 Meter. Mit Abstimmung der Sch\u00fctzen wird auch mit Kleinkaliber und Gro\u00dfkaliber geschossen.<\/p>\n<p>Sektionsleiter ist <strong><a href=\"mailto: sportschuetzen@sg-dlr-op.de\">Tim Spencer<\/a><br \/>\n<\/strong><\/p>\n","protected":false},"excerpt":{"rendered":"<p>Die Sektion Schie\u00dfen wurde 1973 gegr\u00fcndet. Die Sektion ist Mitglied des Bayrischen Sportsch\u00fctzen Bundes e.V., dem gr\u00f6\u00dften Landesverband des Deutschen Sch\u00fctzen Bundes e.V. Die regelm\u00e4\u00dfige Aus\u00fcbung des Schie\u00dfsports findet jeden Mittwoch ab 19:30 Uhr auf dem Schie\u00dfstand des Gastvereins in Oberpfaffenhofen statt. Geschossen wird \u00fcberwiegend mit Luftpistole auf 10 Meter. Mit Abstimmung der Sch\u00fctzen wird [&hellip;]<\/p>\n","protected":false},"author":1,"featured_media":0,"parent":33,"menu_order":0,"comment_status":"closed","ping_status":"closed","template":"","meta":{"footnotes":""},"_links":{"self":[{"href":"https:\/\/www.sg-dlr-op.de\/index.php?rest_route=\/wp\/v2\/pages\/601"}],"collection":[{"href":"https:\/\/www.sg-dlr-op.de\/index.php?rest_route=\/wp\/v2\/pages"}],"about":[{"href":"https:\/\/www.sg-dlr-op.de\/index.php?rest_route=\/wp\/v2\/types\/page"}],"author":[{"embeddable":true,"href":"https:\/\/www.sg-dlr-op.de\/index.php?rest_route=\/wp\/v2\/users\/1"}],"replies":[{"embeddable":true,"href":"https:\/\/www.sg-dlr-op.de\/index.php?rest_route=%2Fwp%2Fv2%2Fcomments&post=601"}],"version-history":[{"count":6,"href":"https:\/\/www.sg-dlr-op.de\/index.php?rest_route=\/wp\/v2\/pages\/601\/revisions"}],"predecessor-version":[{"id":978,"href":"https:\/\/www.sg-dlr-op.de\/index.php?rest_route=\/wp\/v2\/pages\/601\/revisions\/978"}],"up":[{"embeddable":true,"href":"https:\/\/www.sg-dlr-op.de\/index.php?rest_route=\/wp\/v2\/pages\/33"}],"wp:attachment":[{"href":"https:\/\/www.sg-dlr-op.de\/index.php?rest_route=%2Fwp%2Fv2%2Fmedia&parent=601"}],"curies":[{"name":"wp","href":"https:\/\/api.w.org\/{rel}","templated":true}]}}